5*b(j) + 2*o(j). Let p be x(-4). Give t(p).
17
Suppose -3 = -n + 2, 4*b - 32 = -4*n. Let o(m) = -8 - 3*m + m**2 + 9 + 0*m + m. Let t be o(b). Let q(v) = v**3 - 3*v**2 - v - 1. What is q(t)?
11
Let m(f) = f**3 + 4*f**2 - 9*f + 1. Suppose 2*r = r + 2*o - 6, -o + 24 = -4*r. Calculate m(r).
-17
Let s(m) = m - 3*m**2 - 3*m**2 - 8 + 8 + 3*m**2. What is s(2)?
-10
Suppose 0*i + 5 = -t - 2*i, 4*t = 3*i + 2. Let f(g) = -2*g**3 - 6*g**2 - 2*g + 3. Let l be f(-4). Let p(b) = 37*b**3 - 2*b**2 + b + 2*b**2 - l*b**3. Give p(t).
5
Let n(x) be the third derivative of -x**5/60 + x**4/8 + 5*x**3/6 - 8*x**2. Let c be 2/11 - 546/(-22). Let d = c + -20. Determine n(d).
-5
Let w(a) = -25*a**2 - 9*a - 21. Let i(m) = -9*m**2 - 3*m - 7. Let s(b) = -11*i(b) + 4*w(b). Give s(-3).
-7
Let y(i) = 21*i**3 - 2*i + 1. Let g be 4*(-2*1 + (-27)/(-12)). What is y(g)?
20
Let q(c) be the third derivative of -c**7/5040 - c**6/180 - 7*c**5/60 - 3*c**2. Let j(g) be the third derivative of q(g). Calculate j(-5).
1
Let g(c) = -c. Let i(s) = 2*s. Suppose -3*j - 5*r + 19 = 0, 0 = -5*j + 5*r - 3*r - 20. Let n be -1*j/6*6. Let y(p) = n*g(p) + 3*i(p). Calculate y(-2).
-8
Let i(z) be the first derivative of -z**5/120 + 11*z**4/24 - 2*z**3/3 + 5. Let d(l) be the third derivative of i(l). Let q(o) = o - 6. Let m be q(6). Give d(m).
11
Let r(x) = -12*x**2 + 17*x. Suppose 0 = -l + 2*i + 10, i + 2 = -0. Let y(v) = -2*v**2 + 3*v. Let j(d) = l*r(d) - 34*y(d). Let o be 1/2*0 + -1. Determine j(o).
-4
Let j = -10 + 14. Suppose 3*f - 3*y + j*y = 13, -f = y - 3. Suppose 2*v - 4*a - 12 = 0, -v + 5 = -f*a - 7. Let l(o) = o**2 - 2*o - 2. What is l(v)?
-2
Suppose 3*k + 4*n = 17, -3*k - 3 = -4*k - 2*n. Let l(j) = -7 + 5*j + 5 - 2*j - 4*j + 8. Calculate l(k).
-5
Let n(d) = 7*d - 5. Suppose 65*v - 53*v = 36. What is n(v)?
16
Let s(x) = 3*x + 5 + 16*x - x - 10*x - 2*x**2. Give s(6).
-19
Let f(y) = -y**3 - 6*y**2 - 2*y - 3. Let x = 22 + -2. Let v(r) = 9*r - 2. Let b be v(-12). Let k be 1/(-2) + b/x. What is f(k)?
9
Let p(z) = z**2 - 8*z + 7. Let k be (-2)/(-16)*-2 + 157/4. Let g = 45 - k. Determine p(g).
-5
Let p(b) = -b**3 + 6*b**2 - b + 5. Suppose 0 = -5*t, 0 = 3*d + 2*t + 4 + 2. Let h be ((-55)/(-20) - -3) + d/(-8). Determine p(h).
-1
Let d(b) = -5*b + 2*b + b + 0*b - 8. Determine d(-5).
2
Let s(r) be the first derivative of r**7/840 + r**6/60 + r**5/20 - r**4/24 + r**3/3 - 10. Let j(c) be the third derivative of s(c). What is j(-5)?
-6
Let x be (6/18)/((-1)/(-6)). Let v(d) = x*d - 5*d - d + d**2. Give v(5).
5
Let j = -978 - -972. Let u(l) = 4*l + 9. Calculate u(j).
-15
Let u(f) = -83*f**2 + 10*f + 81*f**2 + 3*f**2. Calculate u(-11).
11
Let v(z) = z**2 + 16*z + 22. Let r be v(-15). Let i(p) = 16*p - 5. Let c(d) = 5*d - 2. Let k(s) = r*c(s) - 2*i(s). Calculate k(7).
17
Let z = -4 + -5. Let p be (-1)/(-4) + z/36. Let b(g) be the third derivative of g**5/60 + g**4/24 + g**3/2 + 22*g**2. Determine b(p).
3
Let h = 83 - 85. Let a(s) = 9*s + 3. Calculate a(h).
-15
Let g(o) be the third derivative of o**8/20160 - o**7/2520 - o**5/10 + 15*o**2. Let b(u) be the third derivative of g(u). Determine b(2).
0
Let g(m) = -m + 1162*m**2 - 2*m - 1161*m**2 - 2. Let i(q) = -q**2 + 11*q - 8. Suppose 3*k + 2*k = 50. Let l be i(k). Calculate g(l).
-4
Let v(m) = m**3 - 8*m**2 - 4*m - 8. Let k(t) = t + 44. Let j be k(-36). Determine v(j).
-40
Suppose 0 = 5*v + 10 - 15. Let n(x) = -x - x + x + v. Calculate n(7).
-6
Suppose 135 = 3*v + 6. Let a(c) = -45*c**2 + 1 + v*c**2 + 4*c**3 + 0. Give a(-1).
-5
Let a(b) = -2*b + 4. Let w(r) = -4*r + 8. Let t(y) = -5*a(y) + 3*w(y). Let c be t(4). Let s(i) be the third derivative of -i**4/6 - i**3 - i**2. Give s(c).
10
Suppose 132*w = 133*w - 4. Let n(f) = 1 + f**2 - w*f - f**3 + 5*f**2 - 3 + 0. Give n(4).
14
Let y(o) = -5*o**2 + 5*o + 13. Let h(f) = 2*f**2 + 2*f. Let x(n) = -2*h(n) - y(n). Give x(11).
9
Let r(g) = -5*g**3 + 47*g**2 - 51*g - 59. Let q(i) = 3*i**3 - 24*i**2 + 26*i + 30. Let x(l) = 7*q(l) + 4*r(l). Calculate x(-21).
-5
Let q(c) = -5 - 113*c + 2*c**2 + 106*c - 5*c**2 + 70*c. Determine q(21).
-5
Let d(c) be the second derivative of -c**3 - 71*c**2/2 + 4*c. Let v(g) = -g - 14. Let w(m) = 2*d(m) - 11*v(m). Determine w(7).
5
Let c(j) = -3*j - 18. Let h(k) = -2*k**3 + 36*k**2 - 35*k + 5. Let f be h(17). Determine c(f).
18
Let x(y) = y**3 - 8*y**2 + 21*y - 17. Let q be x(4). Let g(s) be the first derivative of 1/2*s**2 - 6 + q*s. What is g(-3)?
0
Let n(b) = -b**2 - 7*b + 11. Let f be n(-8). Suppose -3*u - 1 + 7 = 0. Let d(y) = -y**3 + u*y**2 - 1 + 0*y - y + 2*y + 5. What is d(f)?
-2
Let x(q) be the first derivative of q**3/3 + 2*q**2 - 7*q + 3. Let i = 160 - 166. Give x(i).
5
Let t(s) be the second derivative of -5/2*s**2 - 1/24*s**6 - 1/6*s**3 + 0 + 0*s**5 - 4*s + 0*s**4. Let v(p) be the first derivative of t(p). Calculate v(-1).
4
Let g(r) = r**3 - 23*r**2 - 22*r - 44. Let m be g(24). Let q(p) = m*p**2 - p**3 + 5 - 7*p - 6*p + 19*p. Determine q(5).
10
Let p = -8696 - -8691. Let c(u) be the first derivative of u**4/4 + 2*u**3 + 3*u**2/2 + 5*u - 1. What is c(p)?
15
Suppose 8*w = 3*w - 3*c + 25, w + 13 = 3*c. Suppose -2*n = -4*k + 27 + 73, 0 = 3*k + n - 75. Let d(p) = 25 - p - k - p**w. Give d(-2).
-2
Let w(t) = 4*t**2 - 2. Suppose -188*r = -195*r + 14. Calculate w(r).
14
Let h(m) = 5*m**3 - 3*m**2 - 7*m - 21. Let x(c) = -11*c**3 + 4*c**2 + 15*c + 43. Let a(t) = -13*h(t) - 6*x(t). What is a(-15)?
0
Let k be (1 - 0 - 1)/(-1). Let b(w) = w**2 + w + 29 - w**3 + 159 - 190 - 2*w. Give b(k).
-2
Let z(d) = 4*d**2 + 4*d - 2. Let s(y) = 3*y**2 + 3*y - 2. Let a(m) = 5*s(m) - 4*z(m). Calculate a(-3).
-8
Let c(l) be the second derivative of 1/3*l**3 - 5/12*l**4 + 8*l + l**2 + 0 - 1/20*l**5. Calculate c(-5).
-8
Let l(r) = -r**2 - 5*r + 6. Let a(x) = -5*x**3 + 2*x**2 - 3*x + 1. Let b be a(1). Give l(b).
6
Let t(i) be the second derivative of i**4/12 + i**3/3 - 5*i**2/2 - 3*i + 17. Calculate t(5).
30
Let l be 18/(-2)*(8 - (-154)/(-21)). Let u(r) = r**2 + 6*r + 4. Give u(l).
4
Let p be 1 + -1 + 7 + -1. Let x(h) = 8*h + 7*h - 5 - 16*h + 11. Give x(p).
0
Let s(k) = 2*k**2 - 1. Let t be 12/(-8) + 115/10. Suppose -18 = 4*o - t*o. Calculate s(o).
17
Let i(s) = -s**3 - 9*s**2 - 8*s + 10. Let o be (3 + -9)/(0 - (-12)/16). Calculate i(o).
10
Let a(p) = -p**2 - 3*p + 5. Suppose -37*z - 12 = 173. Determine a(z).
-5
Let a be -1*(-4)/20 + 42/(-35). Let j(s) = -3*s**3 - 2*s - 1. Determine j(a).
4
Let b(x) be the first derivative of -x**2/2 - 7*x - 497. What is b(7)?
-14
Let u(l) = l**3 + 9*l**2 - 10*l + 9. Let h be u(-10). Let v be 10/3*(h + 0). Let c be (2 - 1)/((-6)/v). Let s(w) = w**3 + 6*w**2 + 6*w - 1. Calculate s(c).
-6
Suppose 61 = -8*v + 21. Let k(l) = -l**2 - 4*l - 2. Calculate k(v).
-7
Let h(v) = 6*v**2 - 13*v + 9. Let r(q) be the second derivative of 3*q**4/4 - 10*q**3/3 + 7*q**2 + 12*q. Let c(a) = 8*h(a) - 5*r(a). Calculate c(2).
6
Suppose -20*c - 3*c + 230 = 0. Let j(o) = o**3 - 10*o**2 + 10. What is j(c)?
10
Suppose -t = -3*t + 4. Suppose 2*c - 10 + t = 0. Let u(i) = 3*i - 2. What is u(c)?
10
Let c(f) be the third derivative of f**4/24 - f**3/2 + 81*f**2. Determine c(7).
4
Let y(k) = -2*k + 11 - 2 + 1. Suppose -20*j - 7*j + 108 = 0. Let z be y(j). Let i(m) = 2*m**3 - m**2 - m - 2. What is i(z)?
8
Let d(z) = -z**2 - 6*z + 26. Let c = -1311 - -1302. Determine d(c).
-1
Let o(a) = 23*a**2 - a. Let n(k) = -k**3 + 12*k**2 - k - 109. Let p be n(11). What is o(p)?
22
Let j(z) = 3845*z - 2 - 3860*z + 1. Determine j(1).
-16
Let d(t) = -23 + 26 + 7*t - 8*t. Give d(3).
0
Let v(k) be the third derivative of 1/8*k**4 - 1/20*k**5 - 2/3*k**3 - 1/120*k**6 + 0 + 6*k**2 + 0*k. Give v(-4).
0
Let u(b) be the third derivative of -b**6/120 + b**5/15 + 7*b**4/24 - 3*b**2 + 11. Determine u(5).
10
Let g(u) = 7*u**3 + 5*u**2 + 5*u - 1. Let w(n) = 3*n**3 + 3*n**2 + 3*n. Let h(f) = 2*g(f) - 5*w(f). Let z be h(-4). Let k(s) = -2*s**3 - 2*s + 3. Give k(z).
-17
Suppose -138*z = -149*z + 231. Let l(b) = -b**2 + 22*b - 22. Calculate l(z).
-1
Let u = 146 - 50. Let t(w) = 4*w + u - 3*w - 91. Give t(-5).
0
Let k be (-5)/20 - (-6)/(-8). Let t(o) be the third derivative of o**5/15 - o**3/6 - o**2. Calculate t(k).
3
Let x(h) = -h + 1. Let v = 262 + -253. Determine x(v).
-8
Let p(n) be the third derivative of -n**6/120 - n**5/10 - 7*n**4/24 - 